t r = -9514 + 14779. What are the prime factors of r?
3, 5, 13
Let j(n) = -n**3 + 17*n - 28*n**2 + 73*n**2 + 33 + 31*n + n. List the prime factors of j(46).
3, 19
Suppose 3*g = 3*a + 21, -2*a - 2*g + 0*g - 6 = 0. Let m(o) = o**2 + 4*o + 1. Let x be m(a). Let h(l) = 5*l**2 - 7*l + 14. List the prime factors of h(x).
2, 19
Let g(f) = -54*f - 7 - 1 + 83*f - 53*f. Let y(c) = -c**2. Let b be y(-2). List the prime factors of g(b).
2, 11
Suppose 0 = 2*l - 4*b - 59186, 0 = 2*b + 6762 - 6772. What are the prime factors of l?
7, 4229
Let m = -99 + 257. Suppose x + x = m. Let f = x - 39. What are the prime factors of f?
2, 5
Let o(s) = 203*s**2 - 76*s - 1001. What are the prime factors of o(-19)?
2, 191, 193
Let w(m) = 56*m - 131. Let d(o) = 19*o - 44. Let g(b) = 11*d(b) - 4*w(b). List the prime factors of g(-17).
5, 59
Let a(y) be the first derivative of y**3/3 + 3*y**2/2 + 5*y - 7. Let v be a(-2). What are the prime factors of (531/(-3))/(v*(-2)/4)?
2, 59
Let t = -367 - -205. Let g = t - -324. List the prime factors of g.
2, 3
Let k(j) = -j**2 - 33*j + 5131. List the prime factors of k(0).
7, 733
Let r be 11/((-44)/(-520))*(0 - 2). Let t = r - -434. Let x = t - -42. List the prime factors of x.
2, 3
What are the prime factors of (-7)/(-2 + 6/2) + (-3606)/(-2)?
2, 449
List the prime factors of 3/(-2)*113308/(-78).
2179
Suppose -t + 2*f = -19, 2*f + 75 = 2*t + 29. Let y = 67 + t. What are the prime factors of y?
2, 47
Let o(t) = -1077*t - 222. List the prime factors of o(-17).
3, 6029
Let i be (-6)/3*(-1345)/10. Let f = i - 139. List the prime factors of f.
2, 5, 13
Let z = -5 + 3. Suppose 0 = -i + 33 - 1. Let k = i + z. List the prime factors of k.
2, 3, 5
Let i(d) = 7*d**2 + 200*d + 26. What are the prime factors of i(-48)?
2, 29, 113
What are the prime factors of 3/(-2)*(94/564 - (-78946)/(-12))?
2, 2467
Let o(w) = -6*w - 49. Let k be o(-11). Suppose k*u = 11*u + 2238. What are the prime factors of u?
373
Let b(c) be the third derivative of 11*c**2 + 0 + 0*c + 1/20*c**5 - 1/4*c**4 + c**3. List the prime factors of b(-5).
3, 37
Let x = -230 + 232. Suppose -502 = -x*a + 676. What are the prime factors of a?
19, 31
Let y(j) = 253*j**2 + j - 2. Let f be y(-2). Suppose -l = 7*l - f. What are the prime factors of (l/(-10))/((-18)/120)?
2, 3, 7
What are the prime factors of (9 - (-171)/(-18) - (-60)/8) + 13394?
3, 1489
Suppose 2703 = 10*m + 383. Suppose 503 = -4*u + 3*n, 2*u + 3*n = -161 - 68. Let b = m + u. What are the prime factors of b?
2, 5, 11
Suppose -3*o = -p + 19, -2*o = -5*p + 30 + 13. Let z(s) = s**3 - 6*s**2 + 13*s + 17. List the prime factors of z(p).
157
Let j(i) be the third derivative of -i**6/120 + 7*i**5/30 - i**4/24 - i**3/2 + 13*i**2. Let d be j(12). Let s = 506 - d. List the prime factors of s.
233
Suppose 6*w - 3*w = 0, 21442 = 2*k - 5*w. List the prime factors of k.
71, 151
Let r = -436 + 431. What are the prime factors of (54/r)/(6*(-8)/3720)?
3, 31
Let a(u) = -11*u**2 + 26*u + 79. Let m(q) = 5*q**2 - 13*q - 40. Let b(d) = 4*a(d) + 9*m(d). Let f be b(-4). What are the prime factors of ((-74)/8)/((-2)/f*1)?
3, 37
Suppose 68*a - 10243 = 64*a + 34677. List the prime factors of a.
2, 5, 1123
Let k = -1638 - -3043. Let r = k + -315. What are the prime factors of r?
2, 5, 109
Suppose 38*h - 182102 - 164266 = 293894. What are the prime factors of h?
7, 29, 83
Suppose 59*m - 70*m = -27819. List the prime factors of m.
3, 281
Suppose 3*k - 30777 = -4*t, 21267 = -5*t - 4*k + 59739. What are the prime factors of t?
2, 3, 641
Let b = 451 + 16. Suppose -3*a = -4*a + b. Suppose 2*k - c - a + 22 = 0, k = 3*c + 215. List the prime factors of k.
2, 7
Let a(d) = d**3 - 20*d**2 + 2. Let k be a(20). Let g(p) = -17*p**k + 3*p**2 - 23*p - 8 - p**3 + 33*p**2 + 2*p**3. List the prime factors of g(-20).
2, 13
Let b(t) = -2*t**3 - 4*t**3 - 16*t + 4*t**3 + 3*t**3 - 5 + 5*t**2. What are the prime factors of b(7)?
3, 157
Let m(h) = h**3 - 31*h**2 + 11*h - 78. What are the prime factors of m(43)?
11, 2053
Let p = -87 + 81. Let r be (183/2)/(p/(-8)). Suppose 2*w + 3*m - 264 = -0*w, w - r = -4*m. List the prime factors of w.
2, 3, 23
Let c(v) = -6*v + 10. Let y be c(3). Let f be (y - -410)*10/6. List the prime factors of f/30 + 1/(-3).
2, 11
Let h = 59 + 56. Let s = h - 72. Let j = s - 30. List the prime factors of j.
13
Suppose 2*a + 3420 = 2*u - 2*a, 5*a = 2*u - 3415. Let s = u + -675. List the prime factors of s.
5, 11, 19
Let w(z) = -3179*z - 2813. What are the prime factors of w(-16)?
3, 19, 281
Suppose 0 = 12*x - 8*x + 24. List the prime factors of (14/x - -3)/(8/1164).
97
Suppose -2*s = 3*z - s - 185, 0 = 4*z + 3*s - 245. Suppose 56*i - z*i + 1806 = 0. Suppose -17 = 4*r - i. List the prime factors of r.
71
Let c(b) = 5*b + 27. Let t(f) = -11*f - 55. Let m(z) = 5*c(z) + 2*t(z). Let k be m(-18). Let h = k + 86. What are the prime factors of h?
3, 19
Let h(c) = 3092*c + 1556. What are the prime factors of h(7)?
2, 5, 29
Let j be (6/3)/(((-1)/(-14))/1). Suppose -6 = 30*r - j*r, 0 = -2*c + 5*r + 555. What are the prime factors of c?
2, 3, 5
Suppose 0 = 102*z - 310*z + 5764512. What are the prime factors of z?
2, 3, 31, 149
Let v(b) = 3*b**2 - 24*b + 23. Let c be v(1). List the prime factors of 147/(-6)*(-1)/(c/68).
7, 17
What are the prime factors of (175260/(-25))/(70/(-175))?
2, 3, 23, 127
Let o = 11229 - -921. What are the prime factors of o?
2, 3, 5
Suppose 236 + 100 = -42*u. What are the prime factors of (-12)/u*(-1910)/(-3)?
5, 191
Let h be (-28 - -16)*(-16)/6. Let g = h + -32. Let l(x) = -2*x + 106. What are the prime factors of l(g)?
2, 53
Let w be 186 - (8/44 - (-13)/(-11)). Suppose -w = -h + 9. Suppose 4*m = 2*b + h, -5 + 103 = 2*m + b. What are the prime factors of m?
7
Let h be (-6)/14 - 30638/(-14). Suppose 2*l + 2*p - h = -2*l, 0 = l - 3*p - 547. Let j = -345 + l. What are the prime factors of j?
2, 101
Let g be 12/(-18) + 0 + (-366)/(-9). Suppose g = 5*k + 5*d, -2*k - 3*k + 24 = d. Suppose 2*l = -k*l + 1302. List the prime factors of l.
7, 31
Let n(q) = 23*q**2 - 7*q + 13. Let w be n(4). Let z = w + 1062. List the prime factors of z.
5, 283
Let n(q) = 2*q - 28. Let s be n(15). List the prime factors of (441 - -7 - 8) + (s - -1).
443
Let k = -212 - -387. Suppose -104 = -179*a + k*a. What are the prime factors of a?
2, 13
Suppose 4*d + 2*z - z - 24861 = 0, -2*d - 2*z + 12438 = 0. List the prime factors of d.
2, 13, 239
List the prime factors of (26 + (-35868)/56)/((-2)/68).
17, 1229
Suppose -3*g - 2109 = 4176. Let z = -996 - g. What are the prime factors of z?
7, 157
Let c = 32 - 31. Suppose 5*w + 9 = -c. What are the prime factors of w - (-3 + -60) - -3?
2
Let g be (-16)/56 - (-5100)/14. Let z = g - 315. What are the prime factors of z?
7
Let r = 123 - 86. Suppose 42*z = r*z + 2370. List the prime factors of z.
2, 3, 79
Suppose -48*q - 63470 = -4550 - 1085832. What are the prime factors of q?
2, 19, 563
Let f be ((-38)/4*1)/((-27)/(-270)). Let w be 57/f*10/(-12)*6. Suppose 0 = i + 2*r - 13, 5*r + 15 = w*i - 57. What are the prime factors of i?
19
Suppose 2*r = 1107 + 1939. Suppose -7*j + r = -178. What are the prime factors of j?
3
Suppose -89*x = -561596 - 178172. List the prime factors of x.
2, 1039
Let n(m) = -53*m + 4226. What are the prime factors of n(51)?
1523
Suppose 0 = -9*b + 132 - 105. Suppose 2*k = b*k - 833. List the prime factors of k.
7, 17
Let k(v) = -2*v**3 + v**2 - 15*v. Let t(c) = -c**3 + 50 - 50 - 7*c. Let f(a) = -2*k(a) + 5*t(a). List the prime factors of f(-4).
2, 13
Let j = -61249 - -86392. List the prime factors of j/18 - (-4)/(-24)*-1.
11, 127
Suppose 0*a + 20 = 4*a. Suppose 0 = -a*g + 4*g - 720. What are the prime factors of (4/(-5))/(9/g)?
2
Let z(w) = -2487*w - 3009. What are the prime factors of z(-5)?
2, 3, 1571
Suppose -4*b - 84*j = -81*j - 56408, -2*j = -2*b + 28190. List the prime factors of b.
23, 613
Let t(w) = -w**3 - 8*w**2 + 9*w + 7. Let y be t(-9). Let i(l) = y + 18*l**3 + 22*l**3 - 6*l**2 + 34*l - 41*l**3. What are the prime factors of i(-10)?
67
Suppose -2*i - 6*t + 4452 = -4*t, 0 = 3*i - 5*t - 6726. What are the prime factors of i?
2, 3, 31
Suppose 0 = -2*o + 9*q - 13*q + 12, -5*o + 3*q - 9 = 0. Suppose 3*v - 10*t = -11*t + 5081, o = -v - 4*t + 1690. What are the prime factors of v?
2, 7, 11
Let r = 2412